. What is the units digit of v?
3
Suppose 4*h = a - 2*a + 10, 0 = h - 2*a - 7. Suppose 4*w = h*w + 4. What is the units digit of w?
4
Let u(v) = 3*v**2 - 2*v + 2. Let l(t) = t**2 - t + 1. Let i(o) = 5*l(o) - u(o). What is the units digit of i(3)?
2
Let t(c) be the third derivative of 0 + 3*c**2 + 1/12*c**4 + 1/3*c**3 + 0*c. What is the units digit of t(4)?
0
Suppose 60 = r - 2*f, -r + 4*f + 62 - 8 = 0. What is the units digit of r?
6
Let v = 6 - 2. Suppose v*s = -3*z + 1, 4*z + s - 15 = -5. Let q(l) = -l**3 + 5*l**2 - 4*l + 2. What is the units digit of q(z)?
8
Suppose 2*j + 0*j - 394 = 0. What is the hundreds digit of j?
1
Let u be (-171)/(-6) - (-1)/(-2). Suppose 4*g = 5*l + u, g - l = 5*g - 4. What is the units digit of g?
2
Suppose h = -h + 4, t + 4*h = 19. What is the tens digit of t?
1
Suppose 0 = d + 2*j - 114, -2*j + 4 = 2. What is the hundreds digit of d?
1
Let w(d) = d - 2. Let a(h) = -h**2 - 5*h + 1. Let y be 2*(2 + 4*-1). Let n be a(y). What is the units digit of w(n)?
3
Let f(h) = 9*h**2 + 15*h + 7. Let p(v) = 4*v**2 + 7*v + 3. Let m(q) = -2*f(q) + 5*p(q). What is the tens digit of m(-4)?
1
Let b be (-2 + 0)*(-6)/4. Suppose -b*x = -4*x + 23. What is the tens digit of x?
2
Suppose -82 = 4*o - m, 3*o + 5 = -4*m - 66. Suppose 146 = 4*k - c, -4*k - k = 5*c - 195. Let p = o + k. What is the units digit of p?
6
Suppose -3*k + 163 = -29. Suppose -5*z + 3 + 22 = 0. Suppose 0*a - k = -z*p - a, -4*p - a = -51. What is the units digit of p?
3
Let f(a) = a**2 + a + 9. What is the units digit of f(-3)?
5
Let q = 8 - 4. Suppose 4*g = -q*w + 24, 2*g = -w - 3*w + 18. Suppose -4 = -2*v + 6, g*v - 3 = 2*d. What is the units digit of d?
6
What is the tens digit of 1*-2 + -1 + 177 + 4?
7
Let c be 68/(10/(-4) + 2). What is the tens digit of (3*c/(-12))/2?
1
Let q = 290 + -135. What is the hundreds digit of q?
1
Let u(l) = l**2 + 6*l - 5. Let s be u(-4). Let r = s + 22. What is the units digit of r?
9
Let b be -4 - 9/(-3) - -3. Suppose 2*l = 2*p, 1 = b*l + p - 5. Suppose -l*o + 35 = 3. What is the tens digit of o?
1
Let w = -17 + 46. What is the tens digit of w?
2
Suppose 44*q = 40*q + 56. Let b(l) = l**3 + 7*l**2 + 5*l - 6. Let n be b(-5). Suppose -q = 2*d + 5*x, -5*d = x - 2*x - n. What is the units digit of d?
3
Suppose 2*a = 6*a - 4*r - 128, -3*a + 88 = -5*r. What is the tens digit of a?
3
Let w(k) = -32*k - 2. Let c be w(-1). Suppose -2*x = -2*n + 22, -3*n = 2*x - 8 - c. What is the tens digit of n?
1
Suppose 4*h = -v - v + 44, 4*v - 38 = -3*h. Let i(f) = -f**2 + 9*f + 13. Let q be i(h). Let j(g) = g**3 - g**2 - 5*g + 4. What is the units digit of j(q)?
7
Let h(a) = -a + 8. Suppose 0 = -p + 9 - 3. Let g = p - 0. What is the units digit of h(g)?
2
Let u = 10 - 15. Let g = u - -11. What is the units digit of g?
6
Suppose -4*s = -16, s = 2*z - 4 - 192. Suppose -z = -5*g + 165. What is the tens digit of g?
5
Suppose -3*w = -18 - 78. What is the units digit of w?
2
Let t(o) be the first derivative of -o**4/4 + 25*o + 7. What is the units digit of t(0)?
5
Let c(m) = -m**2 + 6*m - 4. Suppose -4*b + t + 18 = 0, -5 = b - 3*t - 4. Let u be c(b). Let z = 7 - u. What is the units digit of z?
6
Let z(q) = 2*q**3 - 8*q**2 + 3*q + 4. What is the units digit of z(5)?
9
Let a = -38 + 62. What is the units digit of a?
4
Suppose -2*l = -0*l - 34. What is the tens digit of l?
1
Let v be 3/(3/2)*1. Suppose 0 = -4*s - 3*l + 59, -1 + 8 = v*s - 3*l. What is the units digit of s?
1
Let b(x) = x**2 - 2*x - 4. Suppose u = -3 - 1, -s + 3*u = -9. What is the units digit of b(s)?
1
Let h(f) = -f**2 - 8*f + 5. Let l be 7/2*-1*2. Let d be h(l). Suppose 4*q - 4*p = 48 - d, p - 19 = -q. What is the tens digit of q?
1
Let t = 18 - 8. What is the tens digit of (12/t)/((-6)/(-80))?
1
Let p = -49 + 81. Let h be 29/(2*(-2)/(-4)). Suppose 3*o + 3*d - h = -d, -4*o = 4*d - p. What is the units digit of o?
3
Suppose -u - 2*u = -72. Suppose 4*i = u - 4. Suppose 0 = -i*c - 0*c + 55. What is the tens digit of c?
1
Let g(q) = 10*q**2 - 3*q + 10. What is the units digit of g(3)?
1
What is the tens digit of 51*(-4 - (-32)/6)?
6
Let j(r) = -21*r**3 + r**2 + r + 1. Let f be j(-1). Let u = f + -12. What is the units digit of ((-8)/(-10))/(4/u)?
2
Let z(f) = -1 + 1 - 2 - 2*f. Let l be z(-6). Suppose -5*b + 3*h + l = 0, -h = -5 - 0. What is the units digit of b?
5
Let l(z) = z + 1. Let h(f) = 4*f + 7. Let c(b) = h(b) - 5*l(b). Let m = -11 - -6. What is the units digit of c(m)?
7
Let g be 21 + (2 - 2)/3. Suppose 2*h - 4*q = 8, 4*h = -5*q + g + 8. What is the units digit of h?
6
Suppose -24 = b + 5*b. Suppose -4 + 2 = k. What is the units digit of k/b*(19 + 1)?
0
Suppose -1 - 9 = -c. What is the units digit of c?
0
Suppose 7*h = 3*h + 48. What is the units digit of (8 - h)*2/(-4)?
2
Suppose 3*s - 4*b - 1 = -6, -b - 5 = -2*s. Suppose 1 = -h - s. Let a = h + 10. What is the units digit of a?
4
Let h = 57 - 15. What is the units digit of h?
2
Suppose -4*o = -2*o + 6. Let f = o + 10. What is the units digit of f?
7
Let f(k) = k**2 + k + 4. Let g be f(0). Let x be (-2)/8 + 21/g. Suppose -7 = 3*h + 5*s + 9, x = -s. What is the units digit of h?
3
Let x(g) = -14*g + 6. Let h be x(-6). Suppose 3*y = -2*y + h. Suppose 0 = -q - 0*q + 4*t + y, 2*q - t - 15 = 0. What is the units digit of q?
6
Suppose 0 = -5*c - 5*d + 4*d + 76, -c + 5*d = -36. What is the tens digit of c?
1
Suppose 3*n + 0*n = -5*b - 185, 4*n = -3*b - 100. Suppose 11 = -0*c + 2*c - 3*y, 0 = -5*c - 5*y - 35. What is the units digit of b/(-4) + 2/c?
9
Let v = -12 + 15. Let z(q) = q**2 + q + 1. What is the tens digit of z(v)?
1
Let o(i) = 4*i**3 + 4*i**2 + 5*i - 5. Let n(p) = p**3 - p**2 + p. Let w(t) = 5*n(t) - o(t). What is the units digit of w(9)?
5
What is the tens digit of (-1252)/(-16) + 15/20?
7
Let w(u) = -u**3 - 10*u**2 - 5*u - 3. Let h be w(-10). Suppose -3*g - 2 + h = 0. What is the units digit of g?
5
What is the units digit of (2 + 0)*(3 + 1)?
8
Suppose 5*c = 2*i - 36, -3*c - 9 = -2*c - i. Let g be (4/(-10))/(c/60). Let h(a) = a + 1. What is the units digit of h(g)?
5
Let k(f) = f**2 - f - 1. Let y be k(-1). Suppose -y = b - 12. What is the units digit of b?
1
Suppose 68 = -o + 3*o. Let f = -11 + o. What is the units digit of f?
3
Suppose 0 = -2*h + h + 32. Suppose g - 5*g + h = 0. Let s(x) = x**3 - 8*x**2 + 3. What is the units digit of s(g)?
3
Let s(f) = 10*f - 6. What is the units digit of s(6)?
4
What is the tens digit of (-6)/8 + (-795)/(-20)?
3
Let g(w) = 2*w**2 - 7*w - 2. Let i be g(5). Suppose i = -5*b + 128. What is the tens digit of b?
2
Let h = -245 - -384. What is the hundreds digit of h?
1
Let d(r) = -r**3 - 4*r**2 - r. Let a be d(-4). Suppose 0 = -2*m - 4 - a. What is the units digit of 55/15 + m/6?
3
Let v(m) = -21*m - 4. Let r be v(-6). Suppose x - r = -4*f, 3*f - 5*x = -2*f + 140. What is the tens digit of f?
3
Let b(d) = 6*d + 1. Let p be b(-1). What is the tens digit of (1/3)/(p/(-225))?
1
Let i(o) = 3*o + 21. Let x(r) = -2*r - 10. Let t(d) = 2*i(d) + 5*x(d). What is the tens digit of t(-12)?
4
Let r(w) be the second derivative of -w**3/3 - 7*w**2/2 + 2*w. Let y be r(-6). Suppose 7 = -y*z - 3, 15 = 3*t - 3*z. What is the units digit of t?
3
Suppose 3*v + 3*f - 39 = 0, -36 + 12 = -2*v - 4*f. What is the tens digit of v?
1
Suppose 0 = -12*l + 16*l - 288. What is the units digit of l?
2
Suppose -19 = -3*a + 47. What is the tens digit of a?
2
Let k(o) = o + 6. Let x(n) = -n - 5. Let d be x(-5). Let r be (-1)/(d + 1) + -4. What is the units digit of k(r)?
1
Suppose 5*m = -2*z + 4*m + 605, 0 = 3*m - 9. What is the tens digit of z?
0
Let d(u) = -10*u**2. Let g be d(1). What is the units digit of (-3)/2*g/3?
5
Let v = 101 - 79. What is the units digit of v?
2
Let b(m) = -m**2 - 7*m - 4. Let d be b(-6). Suppose 4 + 16 = -4*r, d*g + 19 = -5*r. Let y(a) = 2*a - 4. What is the units digit of y(g)?
2
Let f(b) = 7 - b + 14 - 3. What is the tens digit of f(0)?
1
Let i(o) = 3*o**2 + 3*o - 2. What is the tens digit of i(4)?
5
Let x = -93 + 166. What is the tens digit of x?
7
Suppose 25 = -2*t - 3*t. Let n = -3 - t. What is the units digit of 0/2 + 7 - n?
5
Let w = 0 + 3. What is the units digit of w?
3
Let x be 16/3 - (-1)/(-3). Let w be (-17)/5 + 2/x. Let g(a) = -2*a - 2. What is the units digit of g(w)?
4
Suppose 2 + 2 = 2*g. Su